0 is divided by a?
154
Let k = 551 - 383. Suppose -78*q + 86*q - k = 0. Let f = -247 - -350. Calculate the remainder when f is divided by q.
19
Let p = 28466 + -26820. Calculate the remainder when p is divided by 327.
11
Let q be (8/(-20))/((-2 - 2)/(-1280)). Let b = q + 133. Suppose 5*t - 10 = -b*k, k + 1 - 5 = -2*t. Calculate the remainder when 9 is divided by t.
1
Suppose 0 = 16*m - 109 - 19. Let n(u) = u**3 - 7*u**2 + u - 29. Calculate the remainder when 124 is divided by n(m).
38
Let u be ((-1)/2)/(1/(-164) - 0). What is the remainder when 7 + -11 + u/1 is divided by 27?
24
Let l(i) = i**2 - 10*i - 98. Suppose 25*w - 24*w - 17 = 0. What is the remainder when 45 is divided by l(w)?
3
Suppose -17 = 18*w - 323. Calculate the remainder when 490 is divided by w.
14
Let d = -929 + 393. Let q = d + 547. Calculate the remainder when 39 is divided by q.
6
Suppose 0 = 5*y - 143 + 18. Let w(f) be the third derivative of f**5/60 + 13*f**4/24 + 23*f**3/3 - 2*f**2. Calculate the remainder when w(0) is divided by y.
21
Suppose 2*m = 5 + 5, -3*s - m = -1208. Suppose 13*l = 3759 - 2888. Calculate the remainder when s is divided by l.
66
Let t be ((-9)/(-4))/(3*2/(-112)). What is the remainder when 133 is divided by (-1946)/t - 4/3?
43
Suppose 2074 = 30*j - 7*j - 3584. What is the remainder when 575 is divided by j?
83
Suppose d - j - 20 + 17 = 0, 3*j + 7 = 5*d. Suppose 2*m - 9 = -m. What is the remainder when 49 is divided by m - (-7 - 0)*(-1)/d?
9
Suppose -17*h = -16*h + 1, -4*t - h - 745 = 0. Let c = -174 - t. What is the remainder when c is divided by 10?
2
Let k(j) = -j**3 + 6*j**2 + 7*j - 1. Let u = 140 + -138. Suppose -2*s - g = -35, -u*s - 3*g = -3*s. Calculate the remainder when k(5) is divided by s.
14
Suppose c - 30 = 18. Let j(h) = 130*h + 9. What is the remainder when j(1) is divided by c?
43
Let r = 2 + 1. Suppose 0 = 9*y - 109*y + 900. Suppose r = -y*x + 10*x. What is the remainder when 4 is divided by x?
1
Let n = -2216 - -2286. What is the remainder when 578 is divided by n?
18
Let v = 73 + -21. Suppose 5*o - 115 = -5*z, 5*o - 5*z = 7*o - v. Calculate the remainder when 34 is divided by o.
13
Suppose z = s - 27909, 143*z + 139538 = 5*s + 139*z. Calculate the remainder when s is divided by 109.
107
Let b(v) = v**2 + 12*v - 9. Let q be b(-13). Calculate the remainder when 60 is divided by (2/(-4))/(q/(-56)).
4
Let c(v) = 75*v - 1016. Suppose -3475 - 537 = -17*o. Calculate the remainder when o is divided by c(14).
32
Let q be (314/(-6))/(3/(-9)). Suppose 4*b = 11*b + 3*z - 1987, -576 = -2*b - 5*z. Suppose 5*m - b = q. What is the remainder when m is divided by 13?
10
Suppose 0*a + 543 = 3*a. Let k = a - 142. Suppose 6*i = i - 5*x + 60, 2*i = 2*x + 20. Calculate the remainder when k is divided by i.
6
Suppose -3*b + 363 = -3*x, 0*x = -4*b + 2*x + 480. Suppose -7 = y - 127. Suppose y*j = b*j + 31. Calculate the remainder when j is divided by 4.
3
Suppose c - 10*v - 10 = -6*v, 4 = -4*c + 5*v. Let a = 10 + c. Suppose a*t + 24 = 10*t. What is the remainder when t is divided by 4?
0
Let k = -726 - -1308. Let a = 680 - k. What is the remainder when a is divided by 11?
10
Suppose 13 = x - 5*s, 4*x - 8*x + 2*s = -16. Suppose u - x = -1. Suppose 2*f + 2*p = -2*p - u, -16 = 4*p. Calculate the remainder when 16 is divided by f.
2
Let d(n) = 2*n**2 - 13*n + 18. Let q(p) = 4*p + 2*p**2 - p**3 + 1 + 2 + 6. Calculate the remainder when q(-5) is divided by d(8).
38
Let f = 551 - 309. Let a be (2 + 0)/(22/f). What is the remainder when ((-1)/((-5)/a))/(13/65) is divided by 7?
1
Suppose -269*t + 140854 + 6827 = 0. Calculate the remainder when t is divided by 92.
89
Let j(i) = -i + 9. Let u be j(7). Suppose g - 231 = -u*g. Suppose 3*y + 35 = s, 4*y - 40 = -2*s - 0*y. What is the remainder when g is divided by s?
25
Suppose x - 13 = 56. Suppose -435 = -31*t + 123. Calculate the remainder when x is divided by t.
15
Suppose 0 = 212*s - 96953 + 25085. What is the remainder when s is divided by 14?
3
Suppose 69*y = 70*y - 3*c - 44, 5*c - 90 = -3*y. Let z = 1 + 3. Suppose -4*o - 74 = -5*q, -5*q + 14 = -z*q - o. Calculate the remainder when y is divided by q.
17
Suppose -1480 = -4*i - 0*i. Let w = i - 194. Calculate the remainder when w is divided by 36.
32
Let d be (-16)/40 + 238/(-5). Calculate the remainder when 57 is divided by 80/d*(-2 - 7).
12
Let v = -4002 - -4019. Calculate the remainder when 361 is divided by v.
4
Suppose 5*o = 1003 + 2316 - 564. Calculate the remainder when o is divided by 268.
15
Let c be ((-14)/((-28)/(-4)))/((-2)/5). Suppose n = -c + 4. Let g(l) = -37*l**3 - 2*l**2 - 7*l - 5. Calculate the remainder when 146 is divided by g(n).
35
Let l(b) = -b**3 - b**2 + 8*b + 10. Let d be l(-6). Suppose 5*k = o - 650, -k + 5*o = 22 + 108. Let x = d + k. Calculate the remainder when 27 is divided by x.
3
Let c(n) = -89*n + 524. What is the remainder when c(-14) is divided by 301?
265
Calculate the remainder when (-6)/(-1)*(-6)/(-4) is divided by 35 + 160*37/(-185).
0
Let w(a) = 163*a**2 + 3*a + 2. Suppose 4*v = 2*k - 4*k + 10, -2*v + 11 = -5*k. Let m be w(k). Let d = m + -61. What is the remainder when d is divided by 51?
50
Let q(a) be the second derivative of a**4/12 + a**3/2 + 4*a**2 + 16*a. Let o be q(-8). Let c = 56 - o. Calculate the remainder when c is divided by 5.
3
Suppose 0 = -r + 5*y + 2223, 6*r - 4*r - 3*y - 4460 = 0. Calculate the remainder when r is divided by 14.
7
Let i = -1341 + 1380. Let d be 8/(2 - 48/23). Let n = 62 - d. What is the remainder when n is divided by i?
37
Suppose 2*d - 34 = -3*f, 11*f = -4*d + 7*f + 76. Calculate the remainder when 4147 is divided by d.
7
Let x(g) = -8*g - 149. Let a be x(-19). Suppose -5 = a*j - 5*y - 19, -j + 4*y - 7 = 0. Calculate the remainder when j is divided by 6.
1
Let f = 34167 - 33730. Calculate the remainder when f is divided by 112.
101
Let s(l) be the second derivative of -l**5/20 - l**4/6 - 5*l**3/6 - 2*l**2 + l. Let y(j) = 2*j - 24. What is the remainder when s(-3) is divided by y(18)?
8
Suppose -129*s = -94*s - 735. Let t = -6 + 14. Let y = s + t. What is the remainder when 86 is divided by y?
28
Suppose 0 = -6*u + 2*u + 20, 2092 = 3*l + 2*u. Suppose 14*w - 1972 = 15*w - 35*w. Calculate the remainder when l is divided by w.
56
Let r = 10208 + -10115. What is the remainder when 368 is divided by r?
89
Let v(k) = -k**3 - 34*k**2 - 32*k + 36. Let q be v(-33). What is the remainder when (-5)/(q - 8) + 111 + -1 is divided by 28?
27
Let p(u) = -94*u + 1009. Calculate the remainder when p(9) is divided by 49.
16
Suppose -84*u - 78*u = -564*u + 57084. Calculate the remainder when u is divided by 17.
6
Suppose 5346 = 14*t - 10922. Calculate the remainder when 6*16/288 + t/6 is divided by -2 - -2*41/2.
38
Let c(u) = -u**3 - 24*u**2 + 79*u + 276. What is the remainder when c(-27) is divided by 113?
104
Suppose 12527 - 4064 = 39*s. Calculate the remainder when 586 is divided by s.
152
Let c = 784 - 698. Calculate the remainder when 2235 is divided by c.
85
Suppose -b - 7*q + 5 = -5*q, 4*b - 47 = q. Suppose -b*i + 136 = -106. What is the remainder when 77 is divided by i?
11
Suppose 148 = -8*m + 12*m. Suppose 3*j + 2 = 5, -2*c - j = -9. Suppose 2*o + 736 = 7*o + 3*n, 2*n - c = 0. Calculate the remainder when o is divided by m.
35
Let z = 295 + -345. What is the remainder when 9/15*67 - (-10)/z is divided by 21?
19
Calculate the remainder when 350 is divided by (-20)/6*791/(-565)*9/2.
14
Let y = -28 - -31. Suppose -5*d + y*w = -28, -12 = -d - 4*w + 3*w. What is the remainder when 33 is divided by d?
1
Let l = 1734 - 1483. What is the remainder when l is divided by 113?
25
Let d = 12191 - 20453. Let f be d/(-21) + -4 + 6/(-14). Let u = f + -271. What is the remainder when u is divided by 30?
28
Suppose -3*a - 2*a = -40. Let z = -3755 + 3780. What is the remainder when z is divided by a?
1
Suppose -4992 = -28*f + 720. What is the remainder when f is divided by 201?
3
Let c(o) = o**3 + 13*o**2 + 14*o + 27. Let m be c(-12). Suppose 3*h + 17 = -h + m*y, 3 = -3*y. Let v = -2 - h. Calculate the remainder when v is divided by 2.
1
What is the remainder when 387 is divided by 227/3 - (-29)/609*7?
7
Suppose 26*x - 46*x = -5040. What is the remainder when x is divided by 16?
12
Let x = 10260 + -10027. What 